ivisor of 5129 and 55081.
223
What is the highest common divisor of 505 and 145?
5
Calculate the greatest common factor of 6726 and 16992.
354
What is the highest common factor of 3372 and 4?
4
Calculate the greatest common factor of 4186315 and 98.
49
What is the greatest common divisor of 4343 and 4171?
43
What is the greatest common factor of 71205 and 9?
3
What is the greatest common factor of 1397 and 363?
11
What is the highest common divisor of 275 and 8825?
25
What is the greatest common divisor of 2972 and 877483?
743
Calculate the highest common factor of 4 and 27964.
4
Calculate the highest common divisor of 427 and 83875.
61
What is the highest common factor of 258 and 91934?
86
Calculate the highest common divisor of 21728 and 2016.
224
What is the greatest common divisor of 18208 and 1568?
32
Calculate the highest common divisor of 36585 and 432.
27
Calculate the greatest common divisor of 295 and 3471265.
295
Calculate the greatest common divisor of 65910 and 3042.
1014
What is the highest common factor of 316 and 4052?
4
What is the greatest common divisor of 64 and 278784?
64
Calculate the greatest common divisor of 132 and 326208.
12
Calculate the highest common divisor of 452 and 1027622.
226
What is the greatest common factor of 21105 and 6405?
105
Calculate the highest common factor of 2568 and 5640.
24
Calculate the greatest common factor of 2480 and 22010.
310
What is the highest common divisor of 792 and 7632?
72
What is the greatest common factor of 29819 and 1?
1
Calculate the greatest common factor of 12452 and 16016.
44
Calculate the highest common divisor of 314 and 35953.
157
Calculate the highest common factor of 22 and 89144.
22
What is the highest common factor of 445608 and 648?
216
What is the greatest common factor of 520 and 167752?
104
What is the greatest common divisor of 1584 and 15084?
36
What is the greatest common divisor of 70 and 14710?
10
Calculate the greatest common factor of 20190 and 120.
30
Calculate the highest common divisor of 18 and 67422.
6
Calculate the highest common divisor of 9167 and 3293.
89
What is the greatest common divisor of 1007 and 3287?
19
What is the highest common factor of 3852 and 120?
12
What is the greatest common factor of 995521 and 82?
41
What is the highest common divisor of 6103 and 782?
17
Calculate the greatest common divisor of 240 and 16432.
16
Calculate the greatest common factor of 95985 and 1580.
395
Calculate the greatest common divisor of 2468 and 2123714.
1234
Calculate the highest common factor of 19548 and 7908.
12
Calculate the greatest common factor of 72 and 12008.
8
What is the highest common divisor of 867576 and 888?
888
What is the highest common factor of 206982 and 513?
27
What is the greatest common divisor of 15875 and 127?
127
What is the highest common divisor of 860 and 23005?
215
Calculate the highest common factor of 1591 and 1073.
37
Calculate the greatest common factor of 135 and 95670.
45
What is the greatest common factor of 2 and 8069?
1
What is the greatest common factor of 15167 and 377?
29
Calculate the greatest common factor of 16074 and 8246.
38
What is the highest common divisor of 180 and 534780?
180
Calculate the highest common factor of 56871 and 37647.
801
What is the highest common factor of 94236 and 2?
2
Calculate the greatest common factor of 9 and 7283.
1
Calculate the highest common divisor of 1648 and 1264.
16
Calculate the highest common divisor of 7183 and 396.
11
What is the greatest common divisor of 247 and 66534?
13
Calculate the greatest common divisor of 6443 and 24718.
17
Calculate the highest common divisor of 525 and 211260.
105
Calculate the highest common divisor of 42186 and 6.
6
Calculate the highest common divisor of 64 and 30304.
32
What is the highest common divisor of 30143 and 215?
43
Calculate the greatest common factor of 3181 and 149.
1
Calculate the highest common divisor of 984 and 284952.
24
Calculate the greatest common factor of 25886 and 28.
14
What is the greatest common divisor of 1953 and 306?
9
Calculate the highest common factor of 6 and 59673.
3
Calculate the highest common divisor of 297768 and 1824.
456
What is the highest common divisor of 130 and 209170?
130
Calculate the highest common factor of 36386 and 2576.
322
Calculate the highest common divisor of 212 and 194669.
53
What is the greatest common factor of 196 and 95158?
98
What is the highest common divisor of 452 and 420?
4
What is the greatest common factor of 629 and 11509?
17
What is the greatest common factor of 1550 and 116498?
62
What is the highest common divisor of 2085 and 600?
15
Calculate the highest common divisor of 1647 and 5946219.
549
What is the highest common factor of 176690 and 10?
10
Calculate the highest common factor of 3885 and 245.
35
Calculate the highest common factor of 1120 and 9625.
35
Calculate the highest common divisor of 410890 and 3060.
170
What is the highest common factor of 464 and 604592?
464
What is the highest common factor of 172775 and 50?
25
What is the greatest common divisor of 53706 and 66?
6
Calculate the highest common divisor of 1131703 and 2863.
409
What is the highest common factor of 92491 and 35259?
511
What is the greatest common divisor of 3321 and 11439?
369
Calculate the greatest common factor of 126 and 1512063.
63
What is the greatest common factor of 3 and 144939?
3
Calculate the greatest common divisor of 2752 and 864472.
344
What is the highest common factor of 2430 and 936?
18
What is the greatest common divisor of 228 and 126996?
228
Calculate the highest common divisor of 154 and 695758.
14
What is the greatest common factor of 208 and 1040?
208
Calculate the highest common divisor of 1221 and 16511.
11
Calculate the highest common factor of 1264 and 6703624.
632
What is the greatest common divisor of 39 and 123370?
13
What is the greatest common factor of 2135 and 175?
35
Calculate the highest common divisor of 98 and 2534.
14
Calculate the highest common divisor of 126222 and 7194.
654
Calculate the highest common factor of 2125 and 387175.
425
What is the greatest common divisor of 89264 and 336?
112
Calculate the highest common factor of 27 and 3104757.
27
Calculate the greatest common divisor of 1352 and 442.
26
Calculate the greatest common divisor of 87 and 97730.
29
Calculate the highest common factor of 124278 and 198.
66
What is the greatest common divisor of 144400 and 76?
76
What is the greatest common factor of 668 and 184034?
334
What is the greatest common divisor of 80 and 512656?
16
Calculate the greatest common divisor of 4194 and 8406.
18
What is the highest common divisor of 156 and 10231?
13
Calculate the highest common factor of 484 and 9460.
44
What is the highest common divisor of 2553 and 8901?
69
Calculate the greatest common factor of 1501 and 21567.
79
Calculate the greatest common divisor of 12 and 59068.
4
What is the highest common divisor of 1204 and 34468?
28
What is the highest common divisor of 198 and 199782?
198
Calculate the greatest common divisor of 429 and 4407.
39
Calculate the highest common factor of 36613 and 141.
47
Calculate the highest common divisor of 176 and 21076.
44
Calculate the greatest common factor of 481488 and 140.
28
Calculate the highest common factor of 63 and 18261.
9
What is the greatest common divisor of 44128 and 1134?
14
What is the highest common divisor of 145 and 2913340?
145
Calculate the greatest common factor of 2704 and 112892.
676
Calculate the highest common divisor of 1290 and 308740.
430
Calculate the highest common factor of 7040 and 24112.
176
What is the highest common factor of 1510 and 216685?
755
What is the highest common factor of 1169117 and 1684?
421
What is the highest common divisor of 1458 and 63918?
18
What is the highest common factor of 785813 and 261?
29
What is the greatest common factor of 836584 and 112?
56
Calculate the highest common divisor of 38140 and 1310.
10
What is the greatest common factor of 1136 and 12560?
16
What is the highest common factor of 14472759 and 413?
413
What is the highest common factor of 3250728 and 208?
104
Calculate the greatest common factor of 186518 and 179.
179
Calculate the greatest common factor of 226 and 46.
2
What 